[INFO] cloning repository https://github.com/vldr/SteamAccountManager
[INFO] running `Command { std: "git" "-c" "credential.helper=" "-c" "credential.helper=/workspace/cargo-home/bin/git-credential-null" "clone" "--bare" "https://github.com/vldr/SteamAccountManager" "/workspace/cache/git-repos/https%3A%2F%2Fgithub.com%2Fvldr%2FSteamAccountManager", kill_on_drop: false }`
[INFO] [stderr] Cloning into bare repository '/workspace/cache/git-repos/https%3A%2F%2Fgithub.com%2Fvldr%2FSteamAccountManager'...
[INFO] running `Command { std: "git" "rev-parse" "HEAD", kill_on_drop: false }`
[INFO] [stdout] d4dc02c603cf150878efa615f00671f33620bfd9
[INFO] checking vldr/SteamAccountManager against try#72f88fc4e9458f89516a0b8b0868f3718aec5b47 for pr-74989
[INFO] running `Command { std: "git" "clone" "/workspace/cache/git-repos/https%3A%2F%2Fgithub.com%2Fvldr%2FSteamAccountManager" "/workspace/builds/worker-2/source", kill_on_drop: false }`
[INFO] [stderr] Cloning into '/workspace/builds/worker-2/source'...
[INFO] [stderr] done.
[INFO] validating manifest of git repo https://github.com/vldr/SteamAccountManager on toolchain 72f88fc4e9458f89516a0b8b0868f3718aec5b47
[INFO] running `Command { std: "/workspace/cargo-home/bin/cargo" "+72f88fc4e9458f89516a0b8b0868f3718aec5b47" "read-manifest" "--manifest-path" "Cargo.toml", kill_on_drop: false }`
[INFO] started tweaking git repo https://github.com/vldr/SteamAccountManager
[INFO] finished tweaking git repo https://github.com/vldr/SteamAccountManager
[INFO] tweaked toml for git repo https://github.com/vldr/SteamAccountManager written to /workspace/builds/worker-2/source/Cargo.toml
[INFO] crate git repo https://github.com/vldr/SteamAccountManager already has a lockfile, it will not be regenerated
[INFO] running `Command { std: "/workspace/cargo-home/bin/cargo" "+72f88fc4e9458f89516a0b8b0868f3718aec5b47" "fetch" "--locked" "--manifest-path" "Cargo.toml", kill_on_drop: false }`
[INFO] [stderr]  Downloading crates ...
[INFO] [stderr]   Downloaded serde_derive v1.0.102
[INFO] [stderr]   Downloaded proc-macro2 v1.0.6
[INFO] [stderr]   Downloaded serde v1.0.102
[INFO] [stderr]   Downloaded errno v0.1.8
[INFO] [stderr]   Downloaded syn v1.0.8
[INFO] [stderr]   Downloaded libc v0.2.65
[INFO] [stderr]   Downloaded libproc v0.7.1
[INFO] running `Command { std: "docker" "create" "-v" "/var/lib/crater-agent-workspace/builds/worker-2/target:/opt/rustwide/target:rw,Z" "-v" "/var/lib/crater-agent-workspace/builds/worker-2/source:/opt/rustwide/workdir:ro,Z" "-v" "/var/lib/crater-agent-workspace/cargo-home:/opt/rustwide/cargo-home:ro,Z" "-v" "/var/lib/crater-agent-workspace/rustup-home:/opt/rustwide/rustup-home:ro,Z" "-e" "SOURCE_DIR=/opt/rustwide/workdir" "-e" "CARGO_TARGET_DIR=/opt/rustwide/target" "-e" "CARGO_HOME=/opt/rustwide/cargo-home" "-e" "RUSTUP_HOME=/opt/rustwide/rustup-home" "-w" "/opt/rustwide/workdir" "-m" "1610612736" "--user" "0:0" "--network" "none" "rustops/crates-build-env@sha256:d92eaeed33fa75130ca1ee6c8a01d1ffb62bac859dfdfb3450e3e5d1c0146529" "/opt/rustwide/cargo-home/bin/cargo" "+72f88fc4e9458f89516a0b8b0868f3718aec5b47" "metadata" "--no-deps" "--format-version=1", kill_on_drop: false }`
[INFO] [stdout] b186c60de43d215d089533ce49787676054ecc84d4fcabf0e13f5c780e866513
[INFO] [stderr] WARNING: Your kernel does not support swap limit capabilities or the cgroup is not mounted. Memory limited without swap.
[INFO] running `Command { std: "docker" "start" "-a" "b186c60de43d215d089533ce49787676054ecc84d4fcabf0e13f5c780e866513", kill_on_drop: false }`
[INFO] running `Command { std: "docker" "inspect" "b186c60de43d215d089533ce49787676054ecc84d4fcabf0e13f5c780e866513", kill_on_drop: false }`
[INFO] running `Command { std: "docker" "rm" "-f" "b186c60de43d215d089533ce49787676054ecc84d4fcabf0e13f5c780e866513", kill_on_drop: false }`
[INFO] [stdout] b186c60de43d215d089533ce49787676054ecc84d4fcabf0e13f5c780e866513
[INFO] running `Command { std: "docker" "create" "-v" "/var/lib/crater-agent-workspace/builds/worker-2/target:/opt/rustwide/target:rw,Z" "-v" "/var/lib/crater-agent-workspace/builds/worker-2/source:/opt/rustwide/workdir:ro,Z" "-v" "/var/lib/crater-agent-workspace/cargo-home:/opt/rustwide/cargo-home:ro,Z" "-v" "/var/lib/crater-agent-workspace/rustup-home:/opt/rustwide/rustup-home:ro,Z" "-e" "SOURCE_DIR=/opt/rustwide/workdir" "-e" "CARGO_TARGET_DIR=/opt/rustwide/target" "-e" "CARGO_INCREMENTAL=0" "-e" "RUST_BACKTRACE=full" "-e" "RUSTFLAGS=--cap-lints=forbid" "-e" "CARGO_HOME=/opt/rustwide/cargo-home" "-e" "RUSTUP_HOME=/opt/rustwide/rustup-home" "-w" "/opt/rustwide/workdir" "-m" "1610612736" "--user" "0:0" "--network" "none" "rustops/crates-build-env@sha256:d92eaeed33fa75130ca1ee6c8a01d1ffb62bac859dfdfb3450e3e5d1c0146529" "/opt/rustwide/cargo-home/bin/cargo" "+72f88fc4e9458f89516a0b8b0868f3718aec5b47" "check" "--frozen" "--all" "--all-targets" "--message-format=json", kill_on_drop: false }`
[INFO] [stdout] 03e4cf32efe648d1d4612adf590f8f232f42e91c8e29ccd8f703904e845e61f7
[INFO] [stderr] WARNING: Your kernel does not support swap limit capabilities or the cgroup is not mounted. Memory limited without swap.
[INFO] running `Command { std: "docker" "start" "-a" "03e4cf32efe648d1d4612adf590f8f232f42e91c8e29ccd8f703904e845e61f7", kill_on_drop: false }`
[INFO] [stderr]    Compiling unicode-xid v0.2.0
[INFO] [stderr]    Compiling syn v1.0.8
[INFO] [stderr]     Checking itoa v0.4.4
[INFO] [stderr]    Compiling proc-macro2 v1.0.6
[INFO] [stderr]    Compiling quote v1.0.2
[INFO] [stderr]    Compiling serde_derive v1.0.102
[INFO] [stderr]     Checking serde v1.0.102
[INFO] [stderr]     Checking serde_json v1.0.41
[INFO] [stderr]     Checking steamaccmanager v0.1.0 (/opt/rustwide/workdir)
[INFO] [stdout] error[E0425]: cannot find function `get_running_steam_process` in this scope
[INFO] [stdout]    --> src/main.rs:361:27
[INFO] [stdout]     |
[INFO] [stdout] 361 |         let steam = match get_running_steam_process() {
[INFO] [stdout]     |                           ^^^^^^^^^^^^^^^^^^^^^^^^^ not found in this scope
[INFO] [stdout] 
[INFO] [stdout] 
[INFO] [stdout] error[E0425]: cannot find function `find_documents` in this scope
[INFO] [stdout]    --> src/main.rs:430:26
[INFO] [stdout]     |
[INFO] [stdout] 430 |     let documents_path = find_documents()?;
[INFO] [stdout]     |                          ^^^^^^^^^^^^^^ not found in this scope
[INFO] [stdout] 
[INFO] [stdout] 
[INFO] [stdout] error[E0425]: cannot find value `CONFIGURATION_FILE_NAME` in this scope
[INFO] [stdout]    --> src/main.rs:431:48
[INFO] [stdout]     |
[INFO] [stdout] 431 |     let path = format!("{}{}", documents_path, CONFIGURATION_FILE_NAME);
[INFO] [stdout]     |                                                ^^^^^^^^^^^^^^^^^^^^^^^ not found in this scope
[INFO] [stdout] 
[INFO] [stdout] 
[INFO] [stdout] error[E0425]: cannot find function `find_documents` in this scope
[INFO] [stdout]    --> src/main.rs:443:26
[INFO] [stdout]     |
[INFO] [stdout] 443 |     let documents_path = find_documents()?;
[INFO] [stdout]     |                          ^^^^^^^^^^^^^^ not found in this scope
[INFO] [stdout] 
[INFO] [stdout] 
[INFO] [stdout] error[E0425]: cannot find value `CONFIGURATION_FILE_NAME` in this scope
[INFO] [stdout]    --> src/main.rs:447:48
[INFO] [stdout]     |
[INFO] [stdout] 447 |     let path = format!("{}{}", documents_path, CONFIGURATION_FILE_NAME);
[INFO] [stdout]     |                                                ^^^^^^^^^^^^^^^^^^^^^^^ not found in this scope
[INFO] [stdout] 
[INFO] [stdout] 
[INFO] [stdout] error[E0425]: cannot find function `launch_steam` in this scope
[INFO] [stdout]    --> src/main.rs:603:19
[INFO] [stdout]     |
[INFO] [stdout] 603 |     let attempt = launch_steam(&account, &configuration);
[INFO] [stdout]     |                   ^^^^^^^^^^^^ not found in this scope
[INFO] [stdout] 
[INFO] [stdout] 
[INFO] [stdout] error[E0425]: cannot find function `get_running_steam_process` in this scope
[INFO] [stdout]    --> src/main.rs:361:27
[INFO] [stdout]     |
[INFO] [stdout] 361 |         let steam = match get_running_steam_process() {
[INFO] [stdout]     |                           ^^^^^^^^^^^^^^^^^^^^^^^^^ not found in this scope
[INFO] [stdout] 
[INFO] [stdout] 
[INFO] [stdout] error[E0425]: cannot find function `find_documents` in this scope
[INFO] [stdout]    --> src/main.rs:430:26
[INFO] [stdout]     |
[INFO] [stdout] 430 |     let documents_path = find_documents()?;
[INFO] [stdout]     |                          ^^^^^^^^^^^^^^ not found in this scope
[INFO] [stdout] 
[INFO] [stdout] 
[INFO] [stdout] error[E0425]: cannot find value `CONFIGURATION_FILE_NAME` in this scope
[INFO] [stdout]    --> src/main.rs:431:48
[INFO] [stdout]     |
[INFO] [stdout] 431 |     let path = format!("{}{}", documents_path, CONFIGURATION_FILE_NAME);
[INFO] [stdout]     |                                                ^^^^^^^^^^^^^^^^^^^^^^^ not found in this scope
[INFO] [stdout] 
[INFO] [stdout] 
[INFO] [stdout] error[E0425]: cannot find function `find_documents` in this scope
[INFO] [stdout]    --> src/main.rs:443:26
[INFO] [stdout]     |
[INFO] [stdout] 443 |     let documents_path = find_documents()?;
[INFO] [stdout]     |                          ^^^^^^^^^^^^^^ not found in this scope
[INFO] [stdout] 
[INFO] [stdout] 
[INFO] [stdout] error[E0425]: cannot find value `CONFIGURATION_FILE_NAME` in this scope
[INFO] [stdout]    --> src/main.rs:447:48
[INFO] [stdout]     |
[INFO] [stdout] 447 |     let path = format!("{}{}", documents_path, CONFIGURATION_FILE_NAME);
[INFO] [stdout]     |                                                ^^^^^^^^^^^^^^^^^^^^^^^ not found in this scope
[INFO] [stdout] 
[INFO] [stdout] 
[INFO] [stdout] error[E0425]: cannot find function `launch_steam` in this scope
[INFO] [stdout]    --> src/main.rs:603:19
[INFO] [stdout]     |
[INFO] [stdout] 603 |     let attempt = launch_steam(&account, &configuration);
[INFO] [stdout]     |                   ^^^^^^^^^^^^ not found in this scope
[INFO] [stdout] 
[INFO] [stdout] 
[INFO] [stdout] error: aborting due to 6 previous errors
[INFO] [stdout] 
[INFO] [stdout] 
[INFO] [stdout] For more information about this error, try `rustc --explain E0425`.
[INFO] [stdout] 
[INFO] [stdout] error: aborting due to 6 previous errors
[INFO] [stdout] 
[INFO] [stdout] 
[INFO] [stdout] For more information about this error, try `rustc --explain E0425`.
[INFO] [stdout] 
[INFO] [stderr] error: could not compile `steamaccmanager`.
[INFO] [stderr] 
[INFO] [stderr] To learn more, run the command again with --verbose.
[INFO] [stderr] warning: build failed, waiting for other jobs to finish...
[INFO] [stderr] error: build failed
[INFO] running `Command { std: "docker" "inspect" "03e4cf32efe648d1d4612adf590f8f232f42e91c8e29ccd8f703904e845e61f7", kill_on_drop: false }`
[INFO] running `Command { std: "docker" "rm" "-f" "03e4cf32efe648d1d4612adf590f8f232f42e91c8e29ccd8f703904e845e61f7", kill_on_drop: false }`
[INFO] [stdout] 03e4cf32efe648d1d4612adf590f8f232f42e91c8e29ccd8f703904e845e61f7
